{"id":1178,"date":"2020-08-14T09:24:33","date_gmt":"2020-08-14T07:24:33","guid":{"rendered":"https:\/\/www.trefiladosurbano.com\/productos\/acero-bajo-carbono\/alambre-cortado-en-varillas\/"},"modified":"2020-12-16T16:59:05","modified_gmt":"2020-12-16T15:59:05","slug":"fil-coupe-en-tiges-de-fer-et-acier","status":"publish","type":"page","link":"https:\/\/www.trefiladosurbano.com\/fr\/produits\/acier-a-faible-carbone\/fil-coupe-en-tiges-de-fer-et-acier\/","title":{"rendered":"Fil coup\u00e9 en tiges de fer et acier"},"content":{"rendered":"<div class=\"container-fluid fondo-verde text-center menu-productos\">\n<ul class=\"wow slideInRight\">\n<li><a href=\"https:\/\/trefiladosurbano.fr\/produits\/acier-a-faible-carbone\/\" target=\"_blank\" rel=\"noopener\"><strong>Acier \u00e2 faible carbone<\/strong><\/a><\/li>\n<li><a href=\"https:\/\/trefiladosurbano.fr\/produits\/acier-a-haute-teneur-en-carbone\/\" target=\"_blank\" rel=\"noopener\">Acier \u00e0 haute teneur en carbone<\/a><\/li>\n<\/ul>\n<\/div>\n<div class=\"container-fluid fondo-gris text-center menu-sub-productos\"><span class=\"d-block wow slideInLeft\"><div class=\"menu-acero-bajo-carbono-fr-container\"><ul id=\"menu-acero-bajo-carbono-fr\" class=\"menu\"><li id=\"menu-item-1496\" class=\"menu-item menu-item-type-post_type menu-item-object-page menu-item-1496\"><a href=\"https:\/\/www.trefiladosurbano.com\/fr\/produits\/acier-a-faible-carbone\/fil-de-fer-galvanise\/\">Fil de fer galvanis\u00e9<\/a><\/li>\n<li id=\"menu-item-1494\" class=\"menu-item menu-item-type-post_type menu-item-object-page menu-item-1494\"><a href=\"https:\/\/www.trefiladosurbano.com\/fr\/produits\/acier-a-faible-carbone\/fil-clair-brillant\/\">Fil Clair Brillant<\/a><\/li>\n<li id=\"menu-item-22374\" class=\"menu-item menu-item-type-post_type menu-item-object-page menu-item-22374\"><a href=\"https:\/\/www.trefiladosurbano.com\/fr\/produits\/fil-recuit\/\">Fil recuit<\/a><\/li>\n<li id=\"menu-item-1500\" class=\"menu-item menu-item-type-post_type menu-item-object-page menu-item-1500\"><a href=\"https:\/\/www.trefiladosurbano.com\/fr\/produits\/acier-a-faible-carbone\/fils-pour-lagrafage-des-emballage-en-bois\/\">Fils pour l\u2019agrafage des Emballage en bois<\/a><\/li>\n<li id=\"menu-item-1497\" class=\"menu-item menu-item-type-post_type menu-item-object-page menu-item-1497\"><a href=\"https:\/\/www.trefiladosurbano.com\/fr\/produits\/acier-a-faible-carbone\/fil-de-fer-plastifie\/\">Fil de fer plastifi\u00e9<\/a><\/li>\n<li id=\"menu-item-1499\" class=\"menu-item menu-item-type-post_type menu-item-object-page menu-item-1499\"><a href=\"https:\/\/www.trefiladosurbano.com\/fr\/produits\/acier-a-faible-carbone\/fil-urzinal-zinc-aluminium\/\">Fil Urzinal (Zinc + aluminium)<\/a><\/li>\n<li id=\"menu-item-1495\" class=\"menu-item menu-item-type-post_type menu-item-object-page menu-item-1495\"><a href=\"https:\/\/www.trefiladosurbano.com\/fr\/produits\/acier-a-faible-carbone\/fil-coupe-en-tiges-de-fer-et-acier\/\">Fil coup\u00e9 en tiges de fer et acier<\/a><\/li>\n<li id=\"menu-item-1498\" class=\"menu-item menu-item-type-post_type menu-item-object-page menu-item-1498\"><a href=\"https:\/\/www.trefiladosurbano.com\/fr\/produits\/fil-recuit\/\">Fil recuit<\/a><\/li>\n<\/ul><\/div><\/span><\/div>\n<div class=\"container-fluid py-5\">\n<h1 class=\"text-uppercase text-center wow fadeInUp\">Fil coup\u00e9 en tiges de fer et acier<\/h1>\n<\/div>\n<section class=\"container-fluid\">\n<div class=\"row\">\n<div class=\"col-lg-2\">&nbsp;<\/div>\n<div class=\"col-lg-8\">\n<p class=\"text-center texto-destacado wow slideInUp\">\u00c0 Trefilados Urbano, nous fabriquons une large gamme de produits \u00e0 partir de fils coup\u00e9s en barres. Ces tiges, \u00e9tant d&rsquo;une grande r\u00e9sistance gr\u00e2ce \u00e0 leur fabrication en acier \u00e0 haute teneur en carbone, sont utilis\u00e9es pour diverses applications dans des domaines aussi pertinents que la quincaillerie, l&rsquo;\u00e9lectronique, l&rsquo;automobile, les jouets, etc.<\/p>\n<\/div>\n<\/div>\n<\/section>\n<section class=\"container-fluid my-5 fondo-blanco-gris\">\n<div class=\"row\">\n<div class=\"col-lg-7 p-4 p-lg-5 d-flex justify-content-center flex-column\">\n<h2 class=\"text-uppercase mb-5\">Ce n&rsquo;est qu&rsquo;un petit exemple de la pr\u00e9sence du fil dans notre vie, <strong>m\u00eame si parfois nous n&rsquo;en sommes pas conscients<\/strong><\/h2>\n<p class=\"text-left\">\u00catre un produit aussi polyvalent et d&rsquo;une durabilit\u00e9 aussi importante est devenu une n\u00e9cessit\u00e9 dans ces segments \u00e9conomiques et aussi dans la vie quotidienne de toute personne. Vous pouvez trouver ce type de fil coup\u00e9 en tiges dans des applications conventionnelles telles que les grilles de jardin et de serre, dans les cages, ou dans les appareils m\u00e9nagers (lave-vaisselle, r\u00e9frig\u00e9rateurs&#8230;) ou dans les \u00e9gouttoirs des meubles de cuisine.<\/p>\n<\/div>\n<div class=\"col-lg-5 pr-0 d-flex justify-content-center flex-column wow slideInRight\">\n<p class=\"text-right\"><img  title=\"\" decoding=\"async\" class=\"img-cover alignnone wp-image-1238 size-full\" src=\"http:\/\/www.trefiladosurbano.com\/wp-content\/uploads\/2020\/06\/alto-varillas-e1591360049331.png\"  alt=\"Fil coup\u00e9 en tiges de fer et acier - Trefilados Urbano\"  width=\"931\" height=\"588\" srcset=\"https:\/\/www.trefiladosurbano.com\/wp-content\/uploads\/2020\/06\/alto-varillas-e1591360049331.png 931w, https:\/\/www.trefiladosurbano.com\/wp-content\/uploads\/2020\/06\/alto-varillas-e1591360049331-300x189.png 300w, https:\/\/www.trefiladosurbano.com\/wp-content\/uploads\/2020\/06\/alto-varillas-e1591360049331-768x485.png 768w\" sizes=\"(max-width: 931px) 100vw, 931px\" \/><\/p>\n<\/div>\n<\/div>\n<\/section>\n<section class=\"container-fluid py-5\">\n<div class=\"row\">\n<div class=\"col-lg-1\">&nbsp;<\/div>\n<div class=\"col-lg-3\">\n<h2 class=\"text-right text-uppercase borde-derecha-titulo wow slideInLeft\">Plus de caract\u00e9ristiques du <strong>fil coup\u00e9 en tiges<\/strong><\/h2>\n<\/div>\n<div class=\"col-lg-7\">\n<div class=\"row\">\n<div class=\"col-lg-4\">\n<p class=\"text-left texto-semi-destacado\">Le fil coup\u00e9 en tiges a un tr\u00e8s large \u00e9ventail d&rsquo;utilisations. Comme nous sommes des producteurs, nous pouvons cr\u00e9er le fil coup\u00e9 en tiges que vous demandez. Cependant, la taille de son diam\u00e8tre varie g\u00e9n\u00e9ralement de 1,5 millim\u00e8tre (mm) \u00e0 10 millim\u00e8tres.<\/p>\n<\/div>\n<div class=\"col-lg-7\">\n<p class=\"text-left texto-semi-destacado\">En termes de pr\u00e9sentation, nous le commercialisons dans un emballage facilement transportable, qui garantit \u00e0 tout moment la s\u00e9curit\u00e9 de la personne responsable de son transport et de sa manutention. La s\u00e9curit\u00e9 est un aspect fondamental pour notre entreprise, c&rsquo;est pourquoi nous suivons des mesures de s\u00e9curit\u00e9 et de garantie strictes dans nos processus.<\/p>\n<p class=\"text-left texto-semi-destacado\">La finition de ce produit peut \u00e9galement \u00eatre choisie par le client.<\/p>\n<\/div>\n<\/div>\n<\/div>\n<\/div>\n<\/section>\nngg_shortcode_0_placeholder\n<section class=\"container-fluid py-4 fondo-verde\">\n<div class=\"row\">\n<div class=\"col-lg-2\">&nbsp;<\/div>\n<div class=\"col-lg-8 wow slideInUp\">\n<p class=\"text-center texto-destacado texto-blanco m-0\">N&rsquo;h\u00e9sitez pas \u00e0 <a class=\"texto-blanco\" href=\"https:\/\/trefiladosurbano.fr\/contacto\/\" target=\"_blank\" rel=\"noopener\"><strong>contacter nos centres de production pour de plus amples informations<\/strong><\/a>. Nous vous conseillerons sur la meilleure solution pour votre entreprise ou votre activit\u00e9. Toujours au service de nos clients. <a class=\"texto-blanco\" href=\"https:\/\/trefiladosurbano.fr\/contact\" target=\"_blank\" rel=\"noopener\"><strong>\u00a1D\u00e9couvrez sans engagement!<\/strong><\/a><\/p>\n<\/div>\n<\/div>\n<\/section>\n","protected":false},"excerpt":{"rendered":"<p>Acier \u00e2 faible carbone Acier \u00e0 haute teneur en carbone Fil coup\u00e9 en tiges de fer et acier &nbsp; \u00c0 Trefilados Urbano, nous fabriquons une large gamme de produits \u00e0 partir de fils coup\u00e9s en barres. Ces tiges, \u00e9tant d&rsquo;une grande r\u00e9sistance gr\u00e2ce \u00e0 leur fabrication en acier \u00e0 haute teneur en carbone, sont utilis\u00e9es<\/p>\n<a class=\"btn btn-primary read-more-button\" href=\"https:\/\/www.trefiladosurbano.com\/fr\/produits\/acier-a-faible-carbone\/fil-coupe-en-tiges-de-fer-et-acier\/\">Leer m\u00e1s...<\/a>","protected":false},"author":6,"featured_media":0,"parent":1169,"menu_order":0,"comment_status":"closed","ping_status":"closed","template":"pages-templates\/empty-page.php","meta":{"_acf_changed":false,"ngg_post_thumbnail":0,"footnotes":""},"acf":[],"_links":{"self":[{"href":"https:\/\/www.trefiladosurbano.com\/fr\/wp-json\/wp\/v2\/pages\/1178"}],"collection":[{"href":"https:\/\/www.trefiladosurbano.com\/fr\/wp-json\/wp\/v2\/pages"}],"about":[{"href":"https:\/\/www.trefiladosurbano.com\/fr\/wp-json\/wp\/v2\/types\/page"}],"author":[{"embeddable":true,"href":"https:\/\/www.trefiladosurbano.com\/fr\/wp-json\/wp\/v2\/users\/6"}],"replies":[{"embeddable":true,"href":"https:\/\/www.trefiladosurbano.com\/fr\/wp-json\/wp\/v2\/comments?post=1178"}],"version-history":[{"count":5,"href":"https:\/\/www.trefiladosurbano.com\/fr\/wp-json\/wp\/v2\/pages\/1178\/revisions"}],"predecessor-version":[{"id":1463,"href":"https:\/\/www.trefiladosurbano.com\/fr\/wp-json\/wp\/v2\/pages\/1178\/revisions\/1463"}],"up":[{"embeddable":true,"href":"https:\/\/www.trefiladosurbano.com\/fr\/wp-json\/wp\/v2\/pages\/1169"}],"wp:attachment":[{"href":"https:\/\/www.trefiladosurbano.com\/fr\/wp-json\/wp\/v2\/media?parent=1178"}],"curies":[{"name":"wp","href":"https:\/\/api.w.org\/{rel}","templated":true}]}}

Fil coupé en tiges de fer et acier

<div class="container-fluid fondo-verde text-center menu-productos">
<ul class="wow slideInRight">
<li><a href="https://trefiladosurbano.fr/produits/acier-a-faible-carbone/" target="_blank" rel="noopener"><strong>Acier â faible carbone</strong></a></li>
<li><a href="https://trefiladosurbano.fr/produits/acier-a-haute-teneur-en-carbone/" target="_blank" rel="noopener">Acier à haute teneur en carbone</a></li>
</ul>
</div>
<div class="container-fluid fondo-gris text-center menu-sub-productos"><span class="d-block wow slideInLeft"><div class="menu-acero-bajo-carbono-fr-container"><ul id="menu-acero-bajo-carbono-fr" class="menu"><li id="menu-item-1496" class="menu-item menu-item-type-post_type menu-item-object-page menu-item-1496"><a href="https://www.trefiladosurbano.com/fr/produits/acier-a-faible-carbone/fil-de-fer-galvanise/">Fil de fer galvanisé</a></li>
<li id="menu-item-1494" class="menu-item menu-item-type-post_type menu-item-object-page menu-item-1494"><a href="https://www.trefiladosurbano.com/fr/produits/acier-a-faible-carbone/fil-clair-brillant/">Fil Clair Brillant</a></li>
<li id="menu-item-22374" class="menu-item menu-item-type-post_type menu-item-object-page menu-item-22374"><a href="https://www.trefiladosurbano.com/fr/produits/fil-recuit/">Fil recuit</a></li>
<li id="menu-item-1500" class="menu-item menu-item-type-post_type menu-item-object-page menu-item-1500"><a href="https://www.trefiladosurbano.com/fr/produits/acier-a-faible-carbone/fils-pour-lagrafage-des-emballage-en-bois/">Fils pour l’agrafage des Emballage en bois</a></li>
<li id="menu-item-1497" class="menu-item menu-item-type-post_type menu-item-object-page menu-item-1497"><a href="https://www.trefiladosurbano.com/fr/produits/acier-a-faible-carbone/fil-de-fer-plastifie/">Fil de fer plastifié</a></li>
<li id="menu-item-1499" class="menu-item menu-item-type-post_type menu-item-object-page menu-item-1499"><a href="https://www.trefiladosurbano.com/fr/produits/acier-a-faible-carbone/fil-urzinal-zinc-aluminium/">Fil Urzinal (Zinc + aluminium)</a></li>
<li id="menu-item-1495" class="menu-item menu-item-type-post_type menu-item-object-page menu-item-1495"><a href="https://www.trefiladosurbano.com/fr/produits/acier-a-faible-carbone/fil-coupe-en-tiges-de-fer-et-acier/">Fil coupé en tiges de fer et acier</a></li>
<li id="menu-item-1498" class="menu-item menu-item-type-post_type menu-item-object-page menu-item-1498"><a href="https://www.trefiladosurbano.com/fr/produits/fil-recuit/">Fil recuit</a></li>
</ul></div></span></div>
<div class="container-fluid py-5">
<h1 class="text-uppercase text-center wow fadeInUp">Fil coupé en tiges de fer et acier</h1>
</div>
<section class="container-fluid">
<div class="row">
<div class="col-lg-2">&nbsp;</div>
<div class="col-lg-8">
<p class="text-center texto-destacado wow slideInUp">À Trefilados Urbano, nous fabriquons une large gamme de produits à partir de fils coupés en barres. Ces tiges, étant d&rsquo;une grande résistance grâce à leur fabrication en acier à haute teneur en carbone, sont utilisées pour diverses applications dans des domaines aussi pertinents que la quincaillerie, l&rsquo;électronique, l&rsquo;automobile, les jouets, etc.</p>
</div>
</div>
</section>
<section class="container-fluid my-5 fondo-blanco-gris">
<div class="row">
<div class="col-lg-7 p-4 p-lg-5 d-flex justify-content-center flex-column">
<h2 class="text-uppercase mb-5">Ce n&rsquo;est qu&rsquo;un petit exemple de la présence du fil dans notre vie, <strong>même si parfois nous n&rsquo;en sommes pas conscients</strong></h2>
<p class="text-left">Être un produit aussi polyvalent et d&rsquo;une durabilité aussi importante est devenu une nécessité dans ces segments économiques et aussi dans la vie quotidienne de toute personne. Vous pouvez trouver ce type de fil coupé en tiges dans des applications conventionnelles telles que les grilles de jardin et de serre, dans les cages, ou dans les appareils ménagers (lave-vaisselle, réfrigérateurs&#8230;) ou dans les égouttoirs des meubles de cuisine.</p>
</div>
<div class="col-lg-5 pr-0 d-flex justify-content-center flex-column wow slideInRight">
<p class="text-right"><img  title="" decoding="async" class="img-cover alignnone wp-image-1238 size-full" src="http://www.trefiladosurbano.com/wp-content/uploads/2020/06/alto-varillas-e1591360049331.png"  alt="Fil coupé en tiges de fer et acier - Trefilados Urbano"  width="931" height="588" srcset="https://www.trefiladosurbano.com/wp-content/uploads/2020/06/alto-varillas-e1591360049331.png 931w, https://www.trefiladosurbano.com/wp-content/uploads/2020/06/alto-varillas-e1591360049331-300x189.png 300w, https://www.trefiladosurbano.com/wp-content/uploads/2020/06/alto-varillas-e1591360049331-768x485.png 768w" sizes="(max-width: 931px) 100vw, 931px" /></p>
</div>
</div>
</section>
<section class="container-fluid py-5">
<div class="row">
<div class="col-lg-1">&nbsp;</div>
<div class="col-lg-3">
<h2 class="text-right text-uppercase borde-derecha-titulo wow slideInLeft">Plus de caractéristiques du <strong>fil coupé en tiges</strong></h2>
</div>
<div class="col-lg-7">
<div class="row">
<div class="col-lg-4">
<p class="text-left texto-semi-destacado">Le fil coupé en tiges a un très large éventail d&rsquo;utilisations. Comme nous sommes des producteurs, nous pouvons créer le fil coupé en tiges que vous demandez. Cependant, la taille de son diamètre varie généralement de 1,5 millimètre (mm) à 10 millimètres.</p>
</div>
<div class="col-lg-7">
<p class="text-left texto-semi-destacado">En termes de présentation, nous le commercialisons dans un emballage facilement transportable, qui garantit à tout moment la sécurité de la personne responsable de son transport et de sa manutention. La sécurité est un aspect fondamental pour notre entreprise, c&rsquo;est pourquoi nous suivons des mesures de sécurité et de garantie strictes dans nos processus.</p>
<p class="text-left texto-semi-destacado">La finition de ce produit peut également être choisie par le client.</p>
</div>
</div>
</div>
</div>
</section>
ngg_shortcode_0_placeholder
<section class="container-fluid py-4 fondo-verde">
<div class="row">
<div class="col-lg-2">&nbsp;</div>
<div class="col-lg-8 wow slideInUp">
<p class="text-center texto-destacado texto-blanco m-0">N&rsquo;hésitez pas à <a class="texto-blanco" href="https://trefiladosurbano.fr/contacto/" target="_blank" rel="noopener"><strong>contacter nos centres de production pour de plus amples informations</strong></a>. Nous vous conseillerons sur la meilleure solution pour votre entreprise ou votre activité. Toujours au service de nos clients. <a class="texto-blanco" href="https://trefiladosurbano.fr/contact" target="_blank" rel="noopener"><strong>¡Découvrez sans engagement!</strong></a></p>
</div>
</div>
</section>

<p>Acier â faible carbone Acier à haute teneur en carbone Fil coupé en tiges de fer et acier &nbsp; À Trefilados Urbano, nous fabriquons une large gamme de produits à partir de fils coupés en barres. Ces tiges, étant d&rsquo;une grande résistance grâce à leur fabrication en acier à haute teneur en carbone, sont utilisées</p>
<a class="btn btn-primary read-more-button" href="https://www.trefiladosurbano.com/fr/produits/acier-a-faible-carbone/fil-coupe-en-tiges-de-fer-et-acier/">Leer más...</a>
