{"id":1181,"date":"2020-04-17T14:29:52","date_gmt":"2020-04-17T12:29:52","guid":{"rendered":"https:\/\/www.trefiladosurbano.com\/productos\/acero-bajo-carbono\/alambre-galvanizado\/"},"modified":"2020-12-16T17:00:21","modified_gmt":"2020-12-16T16:00:21","slug":"fil-de-fer-galvanise","status":"publish","type":"page","link":"https:\/\/www.trefiladosurbano.com\/fr\/produits\/acier-a-faible-carbone\/fil-de-fer-galvanise\/","title":{"rendered":"Fil de fer galvanis\u00e9"},"content":{"rendered":"<div class=\"container-fluid fondo-verde text-center menu-productos\">\n<ul class=\"wow slideInRight\">\n<li><a href=\"https:\/\/trefiladosurbano.fr\/produits\/acier-a-faible-carbone\/\" target=\"_blank\" rel=\"noopener\"><strong>Acier \u00e2 faible carbone<\/strong><\/a><\/li>\n<li><a href=\"https:\/\/trefiladosurbano.fr\/produits\/acier-a-haute-teneur-en-carbone\/\" target=\"_blank\" rel=\"noopener\">Acier \u00e0 haute teneur en carbone<\/a><\/li>\n<\/ul>\n<\/div>\n<div class=\"container-fluid fondo-gris text-center menu-sub-productos\"><span class=\"d-block wow slideInLeft\"><div class=\"menu-acero-bajo-carbono-fr-container\"><ul id=\"menu-acero-bajo-carbono-fr\" class=\"menu\"><li id=\"menu-item-1496\" class=\"menu-item menu-item-type-post_type menu-item-object-page menu-item-1496\"><a href=\"https:\/\/www.trefiladosurbano.com\/fr\/produits\/acier-a-faible-carbone\/fil-de-fer-galvanise\/\">Fil de fer galvanis\u00e9<\/a><\/li>\n<li id=\"menu-item-1494\" class=\"menu-item menu-item-type-post_type menu-item-object-page menu-item-1494\"><a href=\"https:\/\/www.trefiladosurbano.com\/fr\/produits\/acier-a-faible-carbone\/fil-clair-brillant\/\">Fil Clair Brillant<\/a><\/li>\n<li id=\"menu-item-22374\" class=\"menu-item menu-item-type-post_type menu-item-object-page menu-item-22374\"><a href=\"https:\/\/www.trefiladosurbano.com\/fr\/produits\/fil-recuit\/\">Fil recuit<\/a><\/li>\n<li id=\"menu-item-1500\" class=\"menu-item menu-item-type-post_type menu-item-object-page menu-item-1500\"><a href=\"https:\/\/www.trefiladosurbano.com\/fr\/produits\/acier-a-faible-carbone\/fils-pour-lagrafage-des-emballage-en-bois\/\">Fils pour l\u2019agrafage des Emballage en bois<\/a><\/li>\n<li id=\"menu-item-1497\" class=\"menu-item menu-item-type-post_type menu-item-object-page menu-item-1497\"><a href=\"https:\/\/www.trefiladosurbano.com\/fr\/produits\/acier-a-faible-carbone\/fil-de-fer-plastifie\/\">Fil de fer plastifi\u00e9<\/a><\/li>\n<li id=\"menu-item-1499\" class=\"menu-item menu-item-type-post_type menu-item-object-page menu-item-1499\"><a href=\"https:\/\/www.trefiladosurbano.com\/fr\/produits\/acier-a-faible-carbone\/fil-urzinal-zinc-aluminium\/\">Fil Urzinal (Zinc + aluminium)<\/a><\/li>\n<li id=\"menu-item-1495\" class=\"menu-item menu-item-type-post_type menu-item-object-page menu-item-1495\"><a href=\"https:\/\/www.trefiladosurbano.com\/fr\/produits\/acier-a-faible-carbone\/fil-coupe-en-tiges-de-fer-et-acier\/\">Fil coup\u00e9 en tiges de fer et acier<\/a><\/li>\n<li id=\"menu-item-1498\" class=\"menu-item menu-item-type-post_type menu-item-object-page menu-item-1498\"><a href=\"https:\/\/www.trefiladosurbano.com\/fr\/produits\/fil-recuit\/\">Fil recuit<\/a><\/li>\n<\/ul><\/div><\/span><\/div>\n<div class=\"container-fluid py-5\">\n<h1 class=\"text-uppercase text-center wow fadeInUp\">Fil de fer galvanis\u00e9<\/h1>\n<\/div>\n<section class=\"container-fluid\">\n<div class=\"row\">\n<div class=\"col-lg-2\">&nbsp;<\/div>\n<div class=\"col-lg-8\">\n<p class=\"text-center texto-destacado wow slideInUp\">\u00c0 Trefilados Urbano, nous fabriquons et produisons du fil galvanis\u00e9 \u00e0 faible teneur en carbone depuis 1982. C&rsquo;est l&rsquo;un des fils les plus demand\u00e9s dans le monde entier en raison de sa grande polyvalence. La preuve en est son utilisation dans des secteurs aussi divers que l&rsquo;industrie, l&rsquo;agriculture, la construction et l&rsquo;artisanat, entre autres.<\/p>\n<\/div>\n<\/div>\n<\/section>\n<section class=\"container-fluid my-5 fondo-blanco-gris\">\n<div class=\"row\">\n<div class=\"col-lg-7 p-4 p-lg-5 d-flex justify-content-center flex-column\">\n<h2 class=\"text-uppercase\">Le fil qui s&rsquo;adapte <strong>\u00e0 vos besoins<\/strong><\/h2>\n<p class=\"text-left texto-semi-destacado mb-0\">De plus, lorsqu&rsquo;on parle de ce type de fil, il est commode de faire la diff\u00e9rence entre le fil galvanis\u00e9 \u00e0 usage g\u00e9n\u00e9ral et le fil galvanis\u00e9 trancann\u00e9e.<\/p>\n<div class=\"row mt-5\">\n<div class=\"col-lg-5\">\n<h3 class=\"texto-verde mb-2\">Fil d&rsquo;usage g\u00e9n\u00e9ral<\/h3>\n<p class=\"text-left\">C&rsquo;est la pr\u00e9sentation la plus courante du fil et elle est le plus souvent associ\u00e9e \u00e0 ce type de produit. Elle consiste \u00e0 disposer le produit dans le rouleau traditionnel \u00e0 la main.<\/p>\n<\/div>\n<div class=\"col-lg-7\">\n<h3 class=\"texto-verde mb-2\">Fil Trancann\u00e9e<\/h3>\n<p class=\"text-left\">Elle se distingue de la pr\u00e9c\u00e9dente par sa pr\u00e9sentation. Bien que le fil puisse \u00eatre le m\u00eame, dans ce cas, il est automatiquement dispos\u00e9 en bobines. Elles sont tr\u00e8s demand\u00e9es par les grandes entreprises, car elles favorisent les processus de production am\u00e9liorant le rendement \u00e9conomique et dans le temps.<\/p>\n<\/div>\n<\/div>\n<p><span class=\"text-center mt-3\"><br \/>\n[expand title=\u00a0\u00bbEn savoir plus&#8230;\u00a0\u00bb]<\/span><\/p>\n<p class=\"text-left\">Cependant, en produisant notre propre fil galvanis\u00e9 \u00e0 faible teneur en carbone, nous pouvons offrir \u00e0 tous nos clients la possibilit\u00e9 d&rsquo;avoir un produit compl\u00e8tement adapt\u00e9 \u00e0 leurs besoins. Un r\u00e9sultat sur mesure pour aider et faciliter le travail de ceux qui font confiance \u00e0 notre savoir-faire d&rsquo;ann\u00e9es consacr\u00e9es \u00e0 ce noble art.<\/p>\n<p class=\"text-left\">Nous travaillons avec des mesures de 1 \u00e0 6 millim\u00e8tres en fil de fer galvanis\u00e9.<\/p>\n<p>[\/expand]<\/p>\n<\/div>\n<div class=\"col-lg-5 pr-0 d-flex justify-content-center flex-column wow slideInRight\">\n<p class=\"text-right\"><img  title=\"\" decoding=\"async\" class=\"alignnone size-full wp-image-1182 img-cover\" src=\"https:\/\/www.trefiladosurbano.com\/wp-content\/uploads\/2020\/06\/bajo-galvanizado.png\"  alt=\"Fil de fer galvanis\u00e9 - Trefilados Urbano\"  width=\"915\" height=\"555\" srcset=\"https:\/\/www.trefiladosurbano.com\/wp-content\/uploads\/2020\/06\/bajo-galvanizado.png 915w, https:\/\/www.trefiladosurbano.com\/wp-content\/uploads\/2020\/06\/bajo-galvanizado-300x182.png 300w, https:\/\/www.trefiladosurbano.com\/wp-content\/uploads\/2020\/06\/bajo-galvanizado-768x466.png 768w\" sizes=\"(max-width: 915px) 100vw, 915px\" \/><\/p>\n<\/div>\n<\/div>\n<\/section>\n<section class=\"container-fluid py-5\">\n<div class=\"row\">\n<div class=\"col-lg-1\">&nbsp;<\/div>\n<div class=\"col-lg-3\">\n<h2 class=\"text-right text-uppercase borde-derecha-titulo wow slideInLeft\">Une grande vari\u00e9t\u00e9 de formats de <strong>fil galvanis\u00e9 \u00e0 faible teneur en carbone<\/strong><\/h2>\n<\/div>\n<div class=\"col-lg-7\">\n<p class=\"text-left texto-semi-destacado\">Chaque entreprise ou individu qui a besoin de fil galvanis\u00e9 \u00e0 faible teneur en carbone doit disposer de qualit\u00e9s sp\u00e9cifiques et diff\u00e9rentes. Chez Trefilados Urbano, nous en sommes conscients, c&rsquo;est pourquoi nous mettons \u00e0 votre disposition une grande vari\u00e9t\u00e9 de formats, tant standard que personnalis\u00e9s.<\/p>\n<div class=\"row mt-5\">\n<div class=\"col-lg-6 mb-4\">\n<h3 class=\"texto-verde texto-destacado mb-3\">Formats de fil galvanis\u00e9 pour usage g\u00e9n\u00e9ral:<\/h3>\n<ul class=\"text-left list-group list-group-flush\">\n<li class=\"list-group-item\"><i class=\"fa fa-check texto-verde\" aria-hidden=\"true\"><\/i> Fil de fer galvanis\u00e9 pour usage g\u00e9n\u00e9ral: rouleaux de 5 kg, 25 kg, 50 kg et de poids irr\u00e9gulier.<\/li>\n<li class=\"list-group-item\"><i class=\"fa fa-check texto-verde\" aria-hidden=\"true\"><\/i> Fil de fer galvanis\u00e9 de 5 kg. Pour le bricolage.<\/li>\n<li class=\"list-group-item\"><i class=\"fa fa-check texto-verde\" aria-hidden=\"true\"><\/i> Fil de fer galvanis\u00e9 en rosace de 500 \u00e0 1.000 Kg<\/li>\n<li class=\"list-group-item\"><i class=\"fa fa-check texto-verde\" aria-hidden=\"true\"><\/i> Bobine de fil galvanis\u00e9, de 500 \u00e0 1500 kg, en deux hauteurs.<\/li>\n<li class=\"list-group-item\"><i class=\"fa fa-check texto-verde\" aria-hidden=\"true\"><\/i> Fil de fer galvanis\u00e9 commercial et renforc\u00e9 (triple galvanisation).<\/li>\n<\/ul>\n<\/div>\n<div class=\"col-lg-6\">\n<h3 class=\"texto-verde texto-destacado mb-3\">Formats de fils galvanis\u00e9s:<\/h3>\n<ul class=\"text-left list-group list-group-flush\">\n<li class=\"list-group-item\"><i class=\"fa fa-check texto-verde\" aria-hidden=\"true\"><\/i> Fil de fer galvanis\u00e9 en rouleaux de 25 et 50 Kg<\/li>\n<li class=\"list-group-item\"><i class=\"fa fa-check texto-verde\" aria-hidden=\"true\"><\/i> Fil de fer galvanis\u00e9 sur touret en bois dont le poids est d\u00e9termin\u00e9 par le client.<\/li>\n<li class=\"list-group-item\"><i class=\"fa fa-check texto-verde\" aria-hidden=\"true\"><\/i> Fil galvanis\u00e9 plus r\u00e9sine polym\u00e8re en couleur.<\/li>\n<li class=\"list-group-item\"><i class=\"fa fa-check texto-verde\" aria-hidden=\"true\"><\/i> Fil galvanis\u00e9 avec rev\u00eatement de zinc plus aluminium (5% et 10%).<\/li>\n<\/ul>\n<\/div>\n<\/div>\n<\/div>\n<\/div>\n<\/section>\nngg_shortcode_0_placeholder\n<section class=\"container-fluid py-4 fondo-verde\">\n<div class=\"row\">\n<div class=\"col-lg-2\">&nbsp;<\/div>\n<div class=\"col-lg-8 wow slideInUp\">\n<p class=\"text-center texto-destacado texto-blanco m-0\">N&rsquo;h\u00e9sitez pas \u00e0 <a class=\"texto-blanco\" href=\"https:\/\/trefiladosurbano.fr\/contact\" target=\"_blank\" rel=\"noopener\"><strong>nous contacter<\/strong><\/a> pour de plus amples informations et possibilit\u00e9s.<\/p>\n<\/div>\n<\/div>\n<\/section>\n","protected":false},"excerpt":{"rendered":"<p>Acier \u00e2 faible carbone Acier \u00e0 haute teneur en carbone Fil de fer galvanis\u00e9 &nbsp; \u00c0 Trefilados Urbano, nous fabriquons et produisons du fil galvanis\u00e9 \u00e0 faible teneur en carbone depuis 1982. C&rsquo;est l&rsquo;un des fils les plus demand\u00e9s dans le monde entier en raison de sa grande polyvalence. La preuve en est son utilisation<\/p>\n<a class=\"btn btn-primary read-more-button\" href=\"https:\/\/www.trefiladosurbano.com\/fr\/produits\/acier-a-faible-carbone\/fil-de-fer-galvanise\/\">Leer m\u00e1s...<\/a>","protected":false},"author":6,"featured_media":0,"parent":1169,"menu_order":0,"comment_status":"closed","ping_status":"closed","template":"pages-templates\/empty-page.php","meta":{"_acf_changed":false,"ngg_post_thumbnail":0,"footnotes":""},"acf":[],"_links":{"self":[{"href":"https:\/\/www.trefiladosurbano.com\/fr\/wp-json\/wp\/v2\/pages\/1181"}],"collection":[{"href":"https:\/\/www.trefiladosurbano.com\/fr\/wp-json\/wp\/v2\/pages"}],"about":[{"href":"https:\/\/www.trefiladosurbano.com\/fr\/wp-json\/wp\/v2\/types\/page"}],"author":[{"embeddable":true,"href":"https:\/\/www.trefiladosurbano.com\/fr\/wp-json\/wp\/v2\/users\/6"}],"replies":[{"embeddable":true,"href":"https:\/\/www.trefiladosurbano.com\/fr\/wp-json\/wp\/v2\/comments?post=1181"}],"version-history":[{"count":5,"href":"https:\/\/www.trefiladosurbano.com\/fr\/wp-json\/wp\/v2\/pages\/1181\/revisions"}],"predecessor-version":[{"id":1388,"href":"https:\/\/www.trefiladosurbano.com\/fr\/wp-json\/wp\/v2\/pages\/1181\/revisions\/1388"}],"up":[{"embeddable":true,"href":"https:\/\/www.trefiladosurbano.com\/fr\/wp-json\/wp\/v2\/pages\/1169"}],"wp:attachment":[{"href":"https:\/\/www.trefiladosurbano.com\/fr\/wp-json\/wp\/v2\/media?parent=1181"}],"curies":[{"name":"wp","href":"https:\/\/api.w.org\/{rel}","templated":true}]}}

Fil de fer galvanisé

<div class="container-fluid fondo-verde text-center menu-productos">
<ul class="wow slideInRight">
<li><a href="https://trefiladosurbano.fr/produits/acier-a-faible-carbone/" target="_blank" rel="noopener"><strong>Acier â faible carbone</strong></a></li>
<li><a href="https://trefiladosurbano.fr/produits/acier-a-haute-teneur-en-carbone/" target="_blank" rel="noopener">Acier à haute teneur en carbone</a></li>
</ul>
</div>
<div class="container-fluid fondo-gris text-center menu-sub-productos"><span class="d-block wow slideInLeft"><div class="menu-acero-bajo-carbono-fr-container"><ul id="menu-acero-bajo-carbono-fr" class="menu"><li id="menu-item-1496" class="menu-item menu-item-type-post_type menu-item-object-page menu-item-1496"><a href="https://www.trefiladosurbano.com/fr/produits/acier-a-faible-carbone/fil-de-fer-galvanise/">Fil de fer galvanisé</a></li>
<li id="menu-item-1494" class="menu-item menu-item-type-post_type menu-item-object-page menu-item-1494"><a href="https://www.trefiladosurbano.com/fr/produits/acier-a-faible-carbone/fil-clair-brillant/">Fil Clair Brillant</a></li>
<li id="menu-item-22374" class="menu-item menu-item-type-post_type menu-item-object-page menu-item-22374"><a href="https://www.trefiladosurbano.com/fr/produits/fil-recuit/">Fil recuit</a></li>
<li id="menu-item-1500" class="menu-item menu-item-type-post_type menu-item-object-page menu-item-1500"><a href="https://www.trefiladosurbano.com/fr/produits/acier-a-faible-carbone/fils-pour-lagrafage-des-emballage-en-bois/">Fils pour l’agrafage des Emballage en bois</a></li>
<li id="menu-item-1497" class="menu-item menu-item-type-post_type menu-item-object-page menu-item-1497"><a href="https://www.trefiladosurbano.com/fr/produits/acier-a-faible-carbone/fil-de-fer-plastifie/">Fil de fer plastifié</a></li>
<li id="menu-item-1499" class="menu-item menu-item-type-post_type menu-item-object-page menu-item-1499"><a href="https://www.trefiladosurbano.com/fr/produits/acier-a-faible-carbone/fil-urzinal-zinc-aluminium/">Fil Urzinal (Zinc + aluminium)</a></li>
<li id="menu-item-1495" class="menu-item menu-item-type-post_type menu-item-object-page menu-item-1495"><a href="https://www.trefiladosurbano.com/fr/produits/acier-a-faible-carbone/fil-coupe-en-tiges-de-fer-et-acier/">Fil coupé en tiges de fer et acier</a></li>
<li id="menu-item-1498" class="menu-item menu-item-type-post_type menu-item-object-page menu-item-1498"><a href="https://www.trefiladosurbano.com/fr/produits/fil-recuit/">Fil recuit</a></li>
</ul></div></span></div>
<div class="container-fluid py-5">
<h1 class="text-uppercase text-center wow fadeInUp">Fil de fer galvanisé</h1>
</div>
<section class="container-fluid">
<div class="row">
<div class="col-lg-2">&nbsp;</div>
<div class="col-lg-8">
<p class="text-center texto-destacado wow slideInUp">À Trefilados Urbano, nous fabriquons et produisons du fil galvanisé à faible teneur en carbone depuis 1982. C&rsquo;est l&rsquo;un des fils les plus demandés dans le monde entier en raison de sa grande polyvalence. La preuve en est son utilisation dans des secteurs aussi divers que l&rsquo;industrie, l&rsquo;agriculture, la construction et l&rsquo;artisanat, entre autres.</p>
</div>
</div>
</section>
<section class="container-fluid my-5 fondo-blanco-gris">
<div class="row">
<div class="col-lg-7 p-4 p-lg-5 d-flex justify-content-center flex-column">
<h2 class="text-uppercase">Le fil qui s&rsquo;adapte <strong>à vos besoins</strong></h2>
<p class="text-left texto-semi-destacado mb-0">De plus, lorsqu&rsquo;on parle de ce type de fil, il est commode de faire la différence entre le fil galvanisé à usage général et le fil galvanisé trancannée.</p>
<div class="row mt-5">
<div class="col-lg-5">
<h3 class="texto-verde mb-2">Fil d&rsquo;usage général</h3>
<p class="text-left">C&rsquo;est la présentation la plus courante du fil et elle est le plus souvent associée à ce type de produit. Elle consiste à disposer le produit dans le rouleau traditionnel à la main.</p>
</div>
<div class="col-lg-7">
<h3 class="texto-verde mb-2">Fil Trancannée</h3>
<p class="text-left">Elle se distingue de la précédente par sa présentation. Bien que le fil puisse être le même, dans ce cas, il est automatiquement disposé en bobines. Elles sont très demandées par les grandes entreprises, car elles favorisent les processus de production améliorant le rendement économique et dans le temps.</p>
</div>
</div>
<p><span class="text-center mt-3"><br />
[expand title= »En savoir plus&#8230; »]</span></p>
<p class="text-left">Cependant, en produisant notre propre fil galvanisé à faible teneur en carbone, nous pouvons offrir à tous nos clients la possibilité d&rsquo;avoir un produit complètement adapté à leurs besoins. Un résultat sur mesure pour aider et faciliter le travail de ceux qui font confiance à notre savoir-faire d&rsquo;années consacrées à ce noble art.</p>
<p class="text-left">Nous travaillons avec des mesures de 1 à 6 millimètres en fil de fer galvanisé.</p>
<p>[/expand]</p>
</div>
<div class="col-lg-5 pr-0 d-flex justify-content-center flex-column wow slideInRight">
<p class="text-right"><img  title="" decoding="async" class="alignnone size-full wp-image-1182 img-cover" src="https://www.trefiladosurbano.com/wp-content/uploads/2020/06/bajo-galvanizado.png"  alt="Fil de fer galvanisé - Trefilados Urbano"  width="915" height="555" srcset="https://www.trefiladosurbano.com/wp-content/uploads/2020/06/bajo-galvanizado.png 915w, https://www.trefiladosurbano.com/wp-content/uploads/2020/06/bajo-galvanizado-300x182.png 300w, https://www.trefiladosurbano.com/wp-content/uploads/2020/06/bajo-galvanizado-768x466.png 768w" sizes="(max-width: 915px) 100vw, 915px" /></p>
</div>
</div>
</section>
<section class="container-fluid py-5">
<div class="row">
<div class="col-lg-1">&nbsp;</div>
<div class="col-lg-3">
<h2 class="text-right text-uppercase borde-derecha-titulo wow slideInLeft">Une grande variété de formats de <strong>fil galvanisé à faible teneur en carbone</strong></h2>
</div>
<div class="col-lg-7">
<p class="text-left texto-semi-destacado">Chaque entreprise ou individu qui a besoin de fil galvanisé à faible teneur en carbone doit disposer de qualités spécifiques et différentes. Chez Trefilados Urbano, nous en sommes conscients, c&rsquo;est pourquoi nous mettons à votre disposition une grande variété de formats, tant standard que personnalisés.</p>
<div class="row mt-5">
<div class="col-lg-6 mb-4">
<h3 class="texto-verde texto-destacado mb-3">Formats de fil galvanisé pour usage général:</h3>
<ul class="text-left list-group list-group-flush">
<li class="list-group-item"><i class="fa fa-check texto-verde" aria-hidden="true"></i> Fil de fer galvanisé pour usage général: rouleaux de 5 kg, 25 kg, 50 kg et de poids irrégulier.</li>
<li class="list-group-item"><i class="fa fa-check texto-verde" aria-hidden="true"></i> Fil de fer galvanisé de 5 kg. Pour le bricolage.</li>
<li class="list-group-item"><i class="fa fa-check texto-verde" aria-hidden="true"></i> Fil de fer galvanisé en rosace de 500 à 1.000 Kg</li>
<li class="list-group-item"><i class="fa fa-check texto-verde" aria-hidden="true"></i> Bobine de fil galvanisé, de 500 à 1500 kg, en deux hauteurs.</li>
<li class="list-group-item"><i class="fa fa-check texto-verde" aria-hidden="true"></i> Fil de fer galvanisé commercial et renforcé (triple galvanisation).</li>
</ul>
</div>
<div class="col-lg-6">
<h3 class="texto-verde texto-destacado mb-3">Formats de fils galvanisés:</h3>
<ul class="text-left list-group list-group-flush">
<li class="list-group-item"><i class="fa fa-check texto-verde" aria-hidden="true"></i> Fil de fer galvanisé en rouleaux de 25 et 50 Kg</li>
<li class="list-group-item"><i class="fa fa-check texto-verde" aria-hidden="true"></i> Fil de fer galvanisé sur touret en bois dont le poids est déterminé par le client.</li>
<li class="list-group-item"><i class="fa fa-check texto-verde" aria-hidden="true"></i> Fil galvanisé plus résine polymère en couleur.</li>
<li class="list-group-item"><i class="fa fa-check texto-verde" aria-hidden="true"></i> Fil galvanisé avec revêtement de zinc plus aluminium (5% et 10%).</li>
</ul>
</div>
</div>
</div>
</div>
</section>
ngg_shortcode_0_placeholder
<section class="container-fluid py-4 fondo-verde">
<div class="row">
<div class="col-lg-2">&nbsp;</div>
<div class="col-lg-8 wow slideInUp">
<p class="text-center texto-destacado texto-blanco m-0">N&rsquo;hésitez pas à <a class="texto-blanco" href="https://trefiladosurbano.fr/contact" target="_blank" rel="noopener"><strong>nous contacter</strong></a> pour de plus amples informations et possibilités.</p>
</div>
</div>
</section>

<p>Acier â faible carbone Acier à haute teneur en carbone Fil de fer galvanisé &nbsp; À Trefilados Urbano, nous fabriquons et produisons du fil galvanisé à faible teneur en carbone depuis 1982. C&rsquo;est l&rsquo;un des fils les plus demandés dans le monde entier en raison de sa grande polyvalence. La preuve en est son utilisation</p>
<a class="btn btn-primary read-more-button" href="https://www.trefiladosurbano.com/fr/produits/acier-a-faible-carbone/fil-de-fer-galvanise/">Leer más...</a>
